f s?
2, 3
Let d(b) = -b**2 - 8*b - 6. Suppose 5*n + 6 + 5 = -2*u, -3*u + 1 = 4*n. Let h = 2 - u. List the prime factors of d(h).
3
Suppose -18 - 19 = -z. What are the prime factors of z?
37
Let j = -5 + 11. Let l(x) = x - 6. Let n be l(j). Suppose -4*q + n*q = -20. What are the prime factors of q?
5
Let v(g) = g**3 + 3*g**2 - 2*g - 11. What are the prime factors of v(4)?
3, 31
Suppose -a = -5, 9 + 16 = -5*w + a. Let b(j) = -3*j - 6. Let v(i) = -5*i - 13. Let o(n) = 5*b(n) - 2*v(n). What are the prime factors of o(w)?
2
Let w(f) be the first derivative of f**4/4 - 8*f**3/3 - 7*f**2/2 + 6*f + 5. List the prime factors of w(9).
2, 3
Let r(o) = o + 11. Let b(h) = h**2 + 9*h + 7. Let d be b(-9). Suppose 0 = -d*g + 2*g. What are the prime factors of r(g)?
11
Suppose -v = -2*l + 9, 16 = 2*l + 5*v - 11. Let c be (22/6)/(2/l). Let t = c - 7. What are the prime factors of t?
2
Let n(k) = 11*k - 14. What are the prime factors of n(30)?
2, 79
List the prime factors of 2/11 + (-1640)/(-55).
2, 3, 5
Let k = 12 - 4. What are the prime factors of -3*(k/(-3))/2?
2
Let l be (2/1)/(-2 - -4). Let g = l - 0. Let u = g + 1. What are the prime factors of u?
2
Let u(a) = a**3 + 8*a**2 - 8*a + 7. Let c be u(-9). Let n be (c/4)/(-1)*10. Let i = n + 7. List the prime factors of i.
2, 3
List the prime factors of -1 + 33 + (-11 - -10).
31
Let h = -4 - -4. Let n be (18 - h)*(0 - -1). Let p = n - 13. What are the prime factors of p?
5
Let j be 2*3*(-4 + 3). Let o be (-2)/(j/33) + 2. Let x = -5 + o. List the prime factors of x.
2
Suppose 6*v = 2*v + 80. What are the prime factors of v?
2, 5
Let n be 3 - (-4 + 3 + -38). Suppose 4*t - n = 2*l, 85 = 4*t + t + 4*l. List the prime factors of t.
13
Let z be (48/32)/((-6)/(-184)). Let i = z - 16. List the prime factors of i.
2, 3, 5
List the prime factors of 848/9 - (-20)/(-90).
2, 47
Let c = -4 - -9. Suppose -37 - 53 = -c*o. What are the prime factors of o?
2, 3
Suppose 16 = 4*k, -b - b + 20 = 5*k. Let c(a) = a + 12. What are the prime factors of c(b)?
2, 3
Suppose 2*p - 4*p = 16. Let v(c) be the first derivative of c**3/3 + 3*c**2 + 5*c - 1. List the prime factors of v(p).
3, 7
Let h(o) = o**2 + 8*o + 3. Suppose -4*g + 8 = 28. Let s be h(g). Let u = -6 - s. What are the prime factors of u?
2, 3
Let s = 24 - -32. What are the prime factors of s?
2, 7
Let c = -20 - -66. What are the prime factors of c?
2, 23
Let p(g) be the second derivative of g**7/140 + g**5/60 - g**4/24 - g**3/3 + g. Let j(n) be the second derivative of p(n). What are the prime factors of j(1)?
7
Let s(f) = f**3 - 8*f**2 - 5*f + 10. What are the prime factors of s(9)?
2, 23
Suppose -6*f = -105 - 111. List the prime factors of f.
2, 3
Suppose 3*r - 5*p - 471 = 0, -3*p - 2*p = 3*r - 501. List the prime factors of r.
2, 3
Let l = 7 - 7. Suppose l*o - 55 = -5*o. What are the prime factors of o?
11
Suppose -4*t + 21 = 5. Suppose 3*p = -4*m + 22 - 5, t*p = -5*m + 23. Suppose -2*k - 1 + p = 0. List the prime factors of k.
3
Suppose 3*j = -0 + 3. Let b(r) = 7*r**3 + r - 1. List the prime factors of b(j).
7
Let a = 17 - 9. Suppose 0*r + a = r. List the prime factors of r.
2
Let z = 61 - -5. Let f be 4/22 + 2100/z. Let a = f + -22. List the prime factors of a.
2, 5
List the prime factors of (-388)/(-7) - 28/(-49).
2, 7
Let u = -12 + 19. Suppose -u*r + 188 = -3*r + 5*w, -r - w = -46. What are the prime factors of r?
2, 3, 7
Suppose -14*f + 871 + 2755 = 0. List the prime factors of f.
7, 37
Let r(j) = 22*j**2 + 3*j + 2. What are the prime factors of r(-1)?
3, 7
List the prime factors of (-1 - -2)/(11/231).
3, 7
Let r(o) = o**2 + 4*o + 7. List the prime factors of r(-7).
2, 7
Let w(c) = -c**2 - 7*c - 6. Let x be w(-4). Suppose x*h = 3*h - 3. List the prime factors of 6 + 2 - (-1 - h).
2
Suppose 2*z - 5*k = 484, -3*z + 2*k = z - 936. List the prime factors of z.
2, 29
What are the prime factors of -1 - (-3)/4 - (-97)/4?
2, 3
Let f(n) = -n**2 - 2. Let y be f(-2). Let s = -8 - y. What are the prime factors of 3 - (-3 - 1*s)?
2
Suppose -r = j - 154 - 0, -315 = -2*j + 5*r. What are the prime factors of j?
5, 31
Let n(z) = -z**2 - 6*z - 1. Let x be n(-6). Let u be (0*x/(-1))/2. Let y(c) = -c**3 - c**2 + 4. List the prime factors of y(u).
2
Let u(y) = 6*y**3 - y. Let l = -3 - -4. Let g be u(l). Suppose g*h = -6*t + t + 50, 3*h + 5*t = 32. List the prime factors of h.
3
Suppose -p + 23 = -0*d - 5*d, 4*p - 4*d = 92. List the prime factors of p.
23
Let r(x) = -3*x**2 + 10*x + 16. Let h(l) = -l**2 + 5*l + 8. Let o(k) = -5*h(k) + 2*r(k). Let w be o(-7). What are the prime factors of 4/w - (-112)/11?
2, 5
Let p be -5 + 4/(3 + -1). What are the prime factors of -3 - (-57)/(p - -6)?
2
Let p(x) = -x**3 + 3*x**2 + 7*x - 1. Let m(d) = -d**3 + 4*d**2 + 7*d - 2. Let n(h) = 6*m(h) - 7*p(h). Suppose 0 = -q - 4. What are the prime factors of n(q)?
7
Let w(p) = -p**3 - 7*p**2 - 7*p + 3. Let d be w(-6). Let x be 1/(2 + 21/(-9)). Let f = d - x. List the prime factors of f.
2, 3
Suppose -10 = 2*k - 154. What are the prime factors of k?
2, 3
Let x(r) = r - 1. Suppose -6 = -2*q - 4*u + 2*u, 3*u = q + 5. Let b be x(q). Suppose 2*k - 6*k + 32 = b. List the prime factors of k.
2
Let f(i) = 2*i + 4. Suppose -15 = -4*g + g. Suppose 21 = -0*p + 5*p + 2*n, 0 = 5*p - g*n. What are the prime factors of f(p)?
2, 5
Suppose -11 = -3*g + 10. Let q(a) = a - g*a - a - 8 + a**2. What are the prime factors of q(9)?
2, 5
Suppose 3*f - 5*f = 0. Suppose 5*a - 5 = w, f = 3*w - 2*w - 3*a - 3. List the prime factors of w.
3, 5
Let y(q) = 18*q - 1. What are the prime factors of y(1)?
17
Suppose -4*g + 44 = 5*t - 4*t, g = -2*t + 81. List the prime factors of t.
2, 5
Suppose -2*l - 2*x + 12 = 0, l - 4*x = -9*x - 14. Let z be 13/l - (-10)/(-55). List the prime factors of 6*9/6*z.
3
Suppose -254 = 50*v - 52*v. List the prime factors of v.
127
Suppose 4*c = c + 42. Suppose j + 1 - 14 = -5*z, 2*z - 4*j - c = 0. What are the prime factors of z?
3
Let c = -8 - -3. Let q(y) = y**2 + 5*y + 2. Let v be q(c). Let a = v - -8. List the prime factors of a.
2, 5
Let b(o) = 33*o**3 - 2*o**2 + o. Let x be b(1). Let i be (x/(-6))/((-5)/15). List the prime factors of i + -2 + (-5)/(-5).
3, 5
Let f = 93 + -58. What are the prime factors of f?
5, 7
Let g(k) = k**3 + 9*k**2 - 7*k - 22. List the prime factors of g(-9).
41
Let h(t) = t**3 - t**2 - t - 1. Let g(i) = 5*i**3 - i**2 - 11*i - 10. Let u(j) = -g(j) + 6*h(j). Suppose -a + 3 = -1. List the prime factors of u(a).
2
Suppose 0 = -2*b + 153 + 17. Suppose -3*a + 5*a - 19 = d, 5*a - b = -5*d. Suppose -h = 5*t - 0*t - 46, -a = 3*h. List the prime factors of t.
2, 5
Let v = -4 - -1. Let z(i) be the second derivative of -i**3/3 - i**2/2 + i. What are the prime factors of z(v)?
5
Suppose -3*v - 4 = -5*v. What are the prime factors of v/5 + 126/10?
13
Let n be (4 + -1)*(-2)/(-3). Suppose 0 = 5*b + i - 60, -n*b = -b + 4*i - 31. What are the prime factors of b?
11
Let n = 27 + -25. List the prime factors of n + 27 + 0/(-6).
29
Suppose -12*d - 52 = -14*d. List the prime factors of d.
2, 13
Let q = 15 - -5. What are the prime factors of q?
2, 5
Suppose 5*k - 4*k - 78 = 3*a, -319 = -4*k + 5*a. List the prime factors of k.
3
Let t(a) = -8*a - 1. Let n be t(1). Let q = n + 16. List the prime factors of q.
7
Let l(f) = 4*f**2 + 2. Let o be 24/(-10) - (-4)/10. List the prime factors of l(o).
2, 3
Suppose 3*i - 2*i + 4*m = 8, 5*i - 5*m - 65 = 0. Let n be 0 - -2 - (-1 + 1). Suppose o + n*o = i. List the prime factors of o.
2
Let b = 2 - -2. Suppose -k = 2 - b. Suppose -26 = -k*u - 0*u + m, -3*u + 61 = 4*m. List the prime factors of u.
3, 5
Suppose -z + 192 + 25 = 4*s, -2*z - 96 = -2*s. List the prime factors of s.
53
Suppose 5*y = r + 219, -4*r - 10 = -5*y + 221. List the prime factors of y.
43
Let w = -5 + 41. Suppose -v - w = -4*v. What are the prime factors of v?
2, 3
Suppose 5*s + 3*b = -4, 4*s - 1 - 12 = 3*b. Let m be (9/3)/(s/1). Suppose -25 - 32 = -m*z. List the prime factors of z.
19
Suppose -5*y + 16 = -4. Let d(k) = 4*k - 4. List the prime factors of d(y).
2, 3
List the prime factors of (-9 + 7)*37/(-2).
37
What are the prime factors of (102/18 - 6)*-129?
43
Let g = -16 - -26. Suppose -o - g = 4*o. List the prime factors of o/4 - (-66)/4.
2
Suppose -5*u - 12 = -0*u - 3*s, 4*s = -3*u + 16. Let a = -25